
Suppose -6758 + 30643 = 5*p. Suppose -7*y - 1347 = -p. What is the units digit of y?
0
Suppose 19*y + 5*y = -9*y + 176583. What is the thousands digit of y?
5
Suppose 0 = 4*u + 5*g + 5, -u - 4*g = -1 + 5. Let f(l) = 191*l - 79. Let v be f(3). Suppose 0 = -5*r + 10, u*i + v = 2*i - 2*r. What is the tens digit of i?
4
Let h = 1135 + -541. Suppose 11*x = -110 + h. What is the units digit of x?
4
Let n(a) = 342*a**2 + 4*a - 4. Let u be (-6)/(-14) + (-2 - (-108)/42). What is the units digit of n(u)?
2
Let m be (-38)/(-57)*-1*180. Let c be (24/10)/(6*(-3)/m). Suppose 18*b - c*b - 348 = 0. What is the tens digit of b?
7
Let s = 353 + -797. What is the hundreds digit of (-1 + (-3)/(-9))*s?
2
Suppose 0 = 47*a + 168180 - 196221 - 283757. What is the thousands digit of a?
6
Let h = 24131 + -10519. What is the ten thousands digit of h?
1
Suppose 0 = -4*z + 2675 + 3049. Suppose z = 4*v - v. Suppose 5*b + 0*b = 3*h + v, -5*b = -h - 479. What is the tens digit of b?
9
Let g be (6/(-27) + 13/39)*9. What is the units digit of g/6*-9*5356/(-6)?
9
Suppose 23*i - 18*i - 10735 = -5*p, 0 = i + 4. Suppose -9*o + p = -819. What is the units digit of o?
0
Suppose -2*j + 4*g = -122, 3*g + 36 + 198 = 4*j. Let l = 44 - j. What is the units digit of (-13)/l*119/1?
9
Suppose -15*i + 68880 = 18*i - 5*i. What is the thousands digit of i?
2
Let s(i) = -1696*i - 9735. What is the tens digit of s(-22)?
7
Let p = -3054 - -5332. Suppose 2652 + p = 10*w. What is the hundreds digit of w?
4
What is the tens digit of 17300 - (2/3 + 4/(156/(-299)))?
0
Let o(w) = w**2 + 4*w. Let x be o(-4). Suppose 3*v + 9 = x, -v + 0 = -y + 1. What is the hundreds digit of -8*(-1)/4*(-155)/y?
1
Let z = 2971 - 2025. Suppose 12*m - 3802 + z = 0. What is the hundreds digit of m?
2
Let o = -3685 - -7551. What is the tens digit of o?
6
Suppose 4*g - 4*r - 10176 = 0, -2*r + 666 - 3206 = -g. Suppose 692 = 2*p - g. Suppose 0 = 23*v - 29*v + p. What is the hundreds digit of v?
2
Let r = 11155 - 4416. What is the units digit of r?
9
Let w(x) = 6*x**2 - 12*x + 38. Let o(r) = -2*r**2 + 4*r - 13. Let m(g) = 8*o(g) + 3*w(g). What is the tens digit of m(5)?
4
Suppose -i - 12*q = -7*q - 1988, -5*i - 2*q + 9986 = 0. What is the tens digit of i?
9
Suppose -5*a = -261 - 234. Suppose -4*l = -v + l - a, 2*l = 2*v + 174. Let h = v + 90. What is the units digit of h?
6
Suppose -30*d + 851 = -24010 - 56919. What is the tens digit of d?
2
What is the units digit of (51/3)/((-4)/(-1448)) - (-17 - -13)?
8
Suppose -2617*x + 2622*x = 30730. What is the units digit of x?
6
Let t(k) = -k**3 + 7*k**2 + 9*k + 17. Let a be t(9). Let h = -57 - a. Suppose h*v - 172 = 4*v + j, 275 = 5*v - 4*j. What is the units digit of v?
9
Let o be (13/((-52)/(-16304)))/4. Suppose -16*r = -17*r + 4*n + 1024, 0 = r + n - o. What is the units digit of r?
0
Let i(b) = -18073*b**3 - 13*b**2 - 37*b - 25. What is the hundreds digit of i(-1)?
0
What is the hundreds digit of ((-10633)/(-10) + (-34)/255)*6?
3
Let k = 62 + -57. Let t(y) = 5*y**2 - 3*y - 5. What is the hundreds digit of t(k)?
1
Let b(g) = -6*g + 26. Let u be b(4). Let f be (12/(-8))/(u/24). What is the tens digit of (1 + 24)*(f + 25)?
7
Suppose -2*c + 3*s - s - 4 = 0, 3*s = -c - 10. What is the tens digit of (-4 - 50/c)*22?
8
Let y be 156/(-2) - (-8 + -6 + 21). Let u be (-2186)/(-8) - (-1)/(-4). Let s = u + y. What is the hundreds digit of s?
1
Suppose 18*c - 22*c + 12 = 0, 12 = 3*a + c. Suppose -2*s - 3*t + 724 = -1363, s = -a*t + 1036. What is the thousands digit of s?
1
Let i = -25675 + 33035. What is the thousands digit of i?
7
Let m(j) = -j**3 + 56*j**2 + 18*j - 101. What is the tens digit of m(28)?
5
Let p = -2 - -5. Suppose p = 2*q + 1. What is the tens digit of (3 - 0) + q/((-1)/(-71))?
7
Suppose -s + 18 = 3*s - 3*c, 0 = -5*c - 10. Suppose -1032 = -3*d + s*u, -3*d - 4*u = u - 1040. What is the units digit of d?
5
Let y(o) = 16*o - 22*o + o**3 - 2*o**3 - 10*o**2 - 16. Suppose 0 = -2*x - 3*h - h - 32, -5*x - 3*h - 59 = 0. What is the units digit of y(x)?
4
Suppose -11*d - 5*d = -784. Suppose 45*f = d*f - 12. What is the hundreds digit of (5 - (f + -2)) + 222?
2
Let g be 6/(-21) + ((-110)/7 - 2). Let z = 28 - g. Suppose -50*h = -z*h - 284. What is the tens digit of h?
7
Suppose -4*u = -5*g - 717, -4*u + 3*u = 2*g - 163. Suppose -618 = -179*h + u*h. What is the hundreds digit of h?
1
What is the thousands digit of 5/((-115)/(-342792)) + (-2)/2*-4?
4
Let y(w) = 4*w**3 + 36*w**2 - 122*w - 3. What is the units digit of y(4)?
1
Let i(w) = -9*w**2 - 3*w + 1. Let t be i(-6). Let s(x) = -451*x**3 + 2*x**2 + 6*x - 7. Let d be s(1). Let c = t - d. What is the units digit of c?
5
Let m be 2/7 - (-384)/28. Suppose -m*x - 123 = -2545. Let a = 398 - x. What is the units digit of a?
5
Let h(j) = -434*j - 208. What is the tens digit of h(-6)?
9
Let j = -89 - -33. Let s be 24/(-60) - j/(-10). What is the tens digit of s/3 - (1 - 211)?
0
What is the ten thousands digit of 14/(-63) + (-17)/((-1836)/5631252)?
5
Suppose 4*q = -4*k + 3*k + 18, -q - 1 = 0. Let x be (-4)/k - 3640/(-55). Let a = 32 + x. What is the units digit of a?
8
What is the ten thousands digit of 7/(189/12) + (-5812391)/(-117)?
4
Suppose 6*i - 24 = -6*i. Suppose -2657 = -5*z + i*q, -3*z + 960 + 647 = 2*q. What is the hundreds digit of z?
5
Let o(r) = 1349*r + 322. What is the tens digit of o(1)?
7
Suppose -l = 2*i - 18, -6 = -3*l - 5*i + 49. What is the tens digit of (-10)/l*(-779 + 2 + -3)?
9
Let v be (212 - -7) + -2 + 0 + 1. Let c(d) = 2*d**2 + 16*d - 2. Let g be c(-13). Let a = v - g. What is the tens digit of a?
9
Let h(f) = -f**3 + 6*f**2 + f + 8. Let a be h(3). Suppose a*q - 8640 = -16*q. What is the hundreds digit of q?
1
Let j be (3/6)/((-1)/2). What is the hundreds digit of j/((-5)/189)*(-7 + 12)?
1
Suppose 5 - 2 = -z. Let a be (3 - (-8)/z)*0. Suppose a = 3*o - 50 - 22. What is the units digit of o?
4
Suppose -9*s - 9 = -12*s. Suppose n + 10 = h, 0*h + 15 = 2*h + s*n. What is the units digit of -1 - (-1213)/h - 26/(-117)?
4
Let g be (2 - (-14)/(-4))/((-1)/2). Suppose -g*j + 4*w = -966, 0 = 2*j - w + 2*w - 633. Suppose -j = 3*s - 9*s. What is the tens digit of s?
5
Suppose 0 = 5*x - n + 8 - 33, -4 = -4*x + 4*n. Let v be (6/(-10))/(x/(-120)*4). What is the units digit of (6 + -2)*3/9*v?
4
Suppose -87*c - 1984917 = -215*c - 104597. What is the thousands digit of c?
4
Let l be 6/3*(-7)/14. What is the tens digit of (1*l)/((-28)/8624)?
0
Suppose 3*d - 3611 = -4*p, -98*p + 3619 = 3*d - 96*p. What is the tens digit of d?
0
Suppose 340*l = 356*l - 64. Suppose 27*b - 3*i = 32*b - 7261, 3*i - 5807 = -l*b. What is the tens digit of b?
5
Let o = -504 - -463. Suppose 0 = 3*p - 0 + 12. What is the units digit of o/(p/(16/2))?
2
Let i = 5301 + -2701. What is the hundreds digit of -3 - i/((-15)/3)?
5
Let o(h) = 84*h**2 + 11*h + 60. Let b(a) = -83*a**2 - 11*a - 56. Let t(k) = -6*b(k) - 5*o(k). What is the units digit of t(-4)?
0
Let t(a) = 31*a**2 - 16*a - 45. What is the units digit of t(14)?
7
Let q be (-30)/9 + 1/3. Let b = -1507 - -1527. What is the tens digit of ((-355)/b)/(q/12) + -1?
7
Suppose -314 = -241*a + 239*a. Suppose 11*f + 4*z = 13*f - 136, 2*f + 3*z = a. What is the tens digit of f?
7
What is the hundreds digit of (4/(-6))/(6925464/(-44995743) + 2/13)?
8
Suppose 0*m - m = q, -2*m - 3*q - 5 = 0. Suppose 2*w + 2*y + 4 = 8, -6 = w + m*y. What is the tens digit of (w/(-20) - (-204)/(-5))*-1?
4
Let s(v) = 6*v**2 - 50*v + 24. Let t be s(8). Let i(y) = 11*y**2 + 35*y - 17. What is the units digit of i(t)?
7
Let g(x) be the third derivative of -x**6/15 - x**5/30 + x**4/12 + 5*x**3/6 + 2*x**2 - 109*x. Suppose -j - j - 6 = 0. What is the units digit of g(j)?
7
Let w(h) = h**2 - h - 3. Let c be w(-7). Let f = -20 + c. Let l = f + -18. What is the units digit of l?
5
Suppose -2*d - 4*i = -39864, 99653 = 5*d + 74*i - 71*i. What is the units digit of d?
0
Let g(a) = -a**3 + 3*a**2 + 11*a - 1. Let s be g(5). Suppose s - 11 = -7*o. What is the units digit of ((-16)/(-10)*o)/((-2)/(-180))?
4
Let j be 9/(-21) - (-18)/(-7) - -12. Suppose j*u + 20 = -u. What is the tens digit of (1048/(-24))/(u/(9 + 3))?
6
Suppose -6*m - 373 = -22111. Suppose 3611 = 3*g - 2*p, -g = 2*g + 4*p - m. What is the units digit of g?
5
Let r(x) = x**3 - 12*x**2 + 12*x - 24.